-80 (base 14) to base 16
-70
-a7 (base 11) to base 13
-90
What is -3 (base 14) in base 7?
-3
What is 1 (base 13) in base 9?
1
-21 (base 4) to base 9
-10
Convert -7 (base 13) to base 11.
-7
-10 (base 3) to base 16
-3
-2a (base 14) to base 7
-53
Convert 1 (base 6) to base 14.
1
-2011 (base 4) to base 12
-b1
What is 0 (base 9) in base 14?
0
8 (base 10) to base 15
8
What is 1 (base 6) in base 5?
1
-2002 (base 3) to base 4
-320
4 (base 10) to base 11
4
-16 (base 9) to base 15
-10
What is -3 (base 16) in base 12?
-3
3 (base 5) to base 6
3
What is 2 (base 14) in base 12?
2
What is 46 (base 11) in base 12?
42
-44 (base 7) to base 5
-112
What is -a1 (base 15) in base 16?
-97
What is 1d (base 14) in base 5?
102
2032 (base 5) to base 16
10b
-27 (base 13) to base 6
-53
Convert -2 (base 10) to base 13.
-2
Convert 28 (base 13) to base 14.
26
What is -31 (base 5) in base 2?
-10000
5 (base 16) to base 3
12
Convert 111100 (base 2) to base 6.
140
33 (base 10) to base 15
23
Convert -100010 (base 2) to base 6.
-54
Convert 6 (base 10) to base 11.
6
Convert -2 (base 5) to base 13.
-2
120 (base 4) to base 15
19
-15 (base 11) to base 8
-20
Convert -1 (base 11) to base 15.
-1
-23 (base 4) to base 10
-11
Convert -2 (base 7) to base 5.
-2
What is -5 (base 15) in base 16?
-5
11122 (base 4) to base 10
346
Convert -10100000 (base 2) to base 8.
-240
What is 1 (base 3) in base 6?
1
What is c2 (base 14) in base 6?
442
-d (base 16) to base 4
-31
Convert -39 (base 14) to base 3.
-1220
What is 210 (base 6) in base 12?
66
-9 (base 15) to base 11
-9
Convert -84 (base 16) to base 14.
-96
Convert -4 (base 14) to base 5.
-4
Convert 3 (base 13) to base 14.
3
What is -8 (base 14) in base 13?
-8
Convert 58 (base 13) to base 7.
133
0 (base 15) to base 16
0
-47 (base 10) to base 4
-233
-17 (base 9) to base 7
-22
-103 (base 5) to base 9
-31
-111 (base 2) to base 4
-13
What is 45 (base 9) in base 10?
41
What is -111111 (base 2) in base 3?
-2100
Convert -9 (base 10) to base 16.
-9
40 (base 11) to base 5
134
What is -21 (base 4) in base 12?
-9
Convert 21 (base 7) to base 3.
120
9 (base 11) to base 16
9
What is a (base 12) in base 9?
11
Convert -6 (base 14) to base 12.
-6
What is -89 (base 11) in base 15?
-67
What is 11 (base 2) in base 8?
3
0 (base 4) to base 8
0
-c (base 16) to base 5
-22
-4 (base 8) to base 3
-11
102 (base 3) to base 7
14
Convert -5 (base 10) to base 2.
-101
62 (base 13) to base 16
50
17 (base 10) to base 11
16
Convert 3 (base 10) to base 2.
11
36 (base 9) to base 8
41
-1 (base 3) to base 15
-1
What is -67 (base 15) in base 11?
-89
1b (base 15) to base 7
35
Convert -22 (base 11) to base 12.
-20
Convert -30 (base 5) to base 14.
-11
What is -3 (base 7) in base 3?
-10
Convert 20001 (base 3) to base 9.
201
Convert 4 (base 12) to base 10.
4
Convert 3 (base 8) to base 15.
3
What is -8 (base 10) in base 3?
-22
143 (base 7) to base 6
212
Convert 50 (base 12) to base 15.
40
Convert 1012 (base 3) to base 8.
40
What is 2 (base 5) in base 2?
10
What is 2 (base 6) in base 2?
10
0 (base 7) to base 5
0
10222 (base 3) to base 12
8b
What is -71 (base 13) in base 4?
-1130
187 (base 10) to base 3
20221
What is -21 (base 3) in base 14?
-7
Convert 3 (base 4) to base 6.
3
-1100101 (base 2) to base 5
-401
What is 6 (base 15) in base 12?
6
Convert -d (base 15) to base 5.
-23
24 (base 8) to base 5
40
113 (base 16) to base 13
182
Convert 100 (base 3) to base 13.
9
What is 0 (base 12) in base 5?
0
1 (base 4) to base 7
1
-42 (base 5) to base 15
-17
What is 32 (base 11) in base 8?
43
27 (base 8) to base 12
1b
-23 (base 9) to base 11
-1a
Convert -111001 (base 2) to base 14.
-41
Convert c9 (base 15) to base 12.
139
-7 (base 9) to base 5
-12
What is 2 (base 7) in base 11?
2
What is 11000 (base 2) in base 7?
33
What is -11 (base 2) in base 10?
-3
What is -20 (base 11) in base 6?
-34
Convert -3 (base 8) to base 14.
-3
Convert 10 (base 2) to base 16.
2
5 (base 6) to base 16
5
-1 (base 4) to base 14
-1
What is 24 (base 16) in base 10?
36
102 (base 4) to base 7
24
1 (base 13) to base 10
1
What is -25 (base 8) in base 12?
-19
-10 (base 10) to base 8
-12
What is 10000 (base 2) in base 6?
24
6 (base 15) to base 4
12
Convert -8 (base 16) to base 9.
-8
What is -c5 (base 14) in base 13?
-104
Convert 12 (base 5) to base 11.
7
26 (base 9) to base 13
1b
What is e1 (base 16) in base 5?
1400
Convert -d (base 14) to base 3.
-111
Convert -a1 (base 15) to base 5.
-1101
5 (base 11) to base 5
10
What is -14 (base 9) in base 5?
-23
2 (base 10) to base 8
2
Convert 1 (base 14) to base 6.
1
What is 0 (base 5) in base 15?
0
What is 7 (base 14) in base 2?
111
-80 (base 11) to base 5
-323
110101 (base 2) to base 13
41
-2 (base 8) to base 15
-2
-1 (base 16) to base 4
-1
-142 (base 6) to base 3
-2022
1 (base 2) to base 16
1
Convert -a (base 16) to base 15.
-a
What is 16 (base 9) in base 13?
12
36 (base 8) to base 9
33
1 (base 10) to base 14
1
Convert -20 (base 6) to base 16.
-c
What is 233 (base 7) in base 5?
442
What is 24 (base 11) in base 16?
1a
What is 35 (base 8) in base 11?
27
What is -13 (base 6) in base 10?
-9
1 (base 7) to base 3
1
Convert 4 (base 13) to base 15.
4
2002 (base 4) to base 9
154
Convert -1b4 (base 12) to base 5.
-2110
-4 (base 15) to base 9
-4
Convert -124 (base 8) to base 3.
-10010
What is -11 (base 16) in base 5?
-32
262 (base 8) to base 3
20121
What is 2 (base 3) in base 11?
2
1 (base 11) to base 8
1
2 (base 7) to base 3
2
6a (base 11) to base 16
4c
-3 (base 7) to base 3
-10
27 (base 8) to base 10
23
-112 (base 9) to base 16
-5c
Convert 51 (base 7) to base 6.
100
What is 15 (base 16) in base 14?
17
What is -3 (base 15) in base 6?
-3
What is 9 (base 11) in base 10?
9
11 (base 6) to base 8
7
Convert -142 (base 6) to base 15.
-42
2 (base 12) to base 16
2
What is -132 (base 15) in base 6?
-1132
Convert 24 (base 11) to base 12.
22
Convert -49 (base 11) to base 4.
-311
What is 27 (base 11) in base 3?
1002
314 (base 5) to base 13
66
Convert 23 (base 9) to base 16.
15
What is -11 (base 4) in base 2?
-101
Convert 22 (base 8) to base 6.
30
What is 1 (base 16) in base 13?
1
17 (base 10) to base 16
11
Convert -10 (base 9) to base 11.
-9
What is -20 (base 3) in base 13?
-6
-1100 (base 2) to base 6
-20
What is -3 (base 11) in base 4?
-3
Convert -1 (base 13) to base 10.
-1
Convert -22 (base 7) to base 9.
-17
Convert 324 (base 7) to base 8.
245
What is -4 (base 10) in base 12?
-4
What is -25 (base 7) in base 16?
-13
-14 (base 9) to base 7
-16
Convert -27 (base 12) to base 14.
-23
What is 1 (base 9) in base 3?
1
-11 (base 10) to base 3
-102
What is 1 (base 14) in base 10?
1
-1 (base 2) to base 8
-1
Convert 3 (base 9) to base 8.
3
What is 34 (base 5) in base 11?
18
What is -1 (base 6) in base 3?
-1
Convert 123 (base 9) to base 10.
102
What is 16 (base 11) in base 4?
101
Convert 100 (base 3) to base 7.
12
32 (base 6) to base 2
10100
What is 0 (base 12) in base 2?
0
31 (base 5) to base 8
20
Convert -260 (base 10) to base 6.
-1112
What is 22 (base 5) in base 4?
30
What is 100110 (base 2) in base 6?
102
Convert -5 (base 11) to base 9.
-5
3 (base 15) to base 11
3
Convert 2 (base 7) to base 9.
2
What is -3 (base 8) in base 12?
-3
What is 1001010 (base 2) in base 12?
62
-1 (base 15) to base 16
-1
-ca (base 16) to base 2
-11001010
What is -46 (base 8) in base 12?
-32
What is -3 (base 15) in base 4?
-3
What is -11 (base 4) in base 7?
-5
What is -10211 (base 4) in base 13?
-197
0 (base 8) to base 6
0
Convert -57 (base 13) to base 2.
-1001000
What is 22 (base 9) in base 16?
14
-1113 (base 4) to base 16
-57
-11 (base 14) to base 12
-13
What is -33 (base 10) in base 7?
-45
-107 (base 8) to base 12
-5b
12210 (base 3) to base 12
110
-156 (base 12) to base 5
-1320
Convert 8 (base 11) to base 13.
8
What is -35 (base 9) in base 11?
-2a
What is 20 (base 5) in base 8?
12
What is 344 (base 8) in base 13?
147
Convert 2 (base 7) to base 13.
2
What is 0 (base 8) in base 14?
0
-6 (base 9) to base 15
-6
-31 (base 8) to base 9
-27
2 (base 5) to base 13
2
Convert -19 (base 12) to base 9.
-23
-12 (base 4) to base 5
-11
Convert 1100000 (base 2) to base 4.
1200
-65 (base 9) to base 7
-113
Convert -2 (base 15) to base 12.
-2
What is 20 (base 9) in base 7?
24
Convert -27 (base 14) to base 10.
-35
10 (base 5) to base 16
5
Convert a1 (base 12) to base 7.
2